{"id":2,"date":"2013-01-23T18:06:03","date_gmt":"2013-01-23T18:06:03","guid":{"rendered":"https:\/\/crouay.fr\/wp\/gites\/?page_id=2"},"modified":"2018-07-10T10:45:27","modified_gmt":"2018-07-10T09:45:27","slug":"les-gites-ruraux","status":"publish","type":"page","link":"https:\/\/crouay.fr\/gites\/accueil\/les-gites-ruraux\/","title":{"rendered":"Les g\u00eetes ruraux communaux"},"content":{"rendered":"<blockquote>\n<h1><span style=\"font-size: 18pt;font-family: 'trebuchet ms', geneva\">Vous serez ici au c\u0153ur d&rsquo;une r\u00e9gion riche en d\u00e9couvertes\u00a0tant touristiques, historiques, qu&rsquo;architecturales.<\/span><\/h1>\n<\/blockquote>\n<p><span style=\"font-family: 'trebuchet ms', geneva\">\u00a0<\/span><\/p>\n<h3><span style=\"font-family: 'trebuchet ms', geneva\">Pour r\u00e9server nos g\u00eetes vous pouvez nous joindre par t\u00e9l\u00e9phone au 02.31.92.41.16 ou nous envoyer un mail <a title=\"Nous contacter\" href=\"https:\/\/crouay.fr\/wp\/gites\/nous-contacter\/\">en cliquant ici<\/a> .\u00a0<\/span><\/h3>\n<h3><span style=\"font-family: 'trebuchet ms', geneva\">D\u00e9couvrez nos g\u00eetes rubrique \u00ab\u00a0Menu\u00a0\u00bb \u00e0 droite. La disponibilit\u00e9 est affich\u00e9e sur la page de chaque g\u00eete.<\/span><\/h3>\n<p>&nbsp;<\/p>\n<h3><span style=\"font-family: 'trebuchet ms', geneva\">WIFI disponible dans la salle polyvalente<img loading=\"lazy\" decoding=\"async\" class=\"alignnone  wp-image-885\" src=\"https:\/\/crouay.fr\/wp\/gites\/wp-content\/uploads\/sites\/2\/2018\/07\/sigle-WIFI-150x150.jpg\" alt=\"\" width=\"58\" height=\"58\" srcset=\"https:\/\/crouay.fr\/gites\/wp-content\/uploads\/sites\/2\/2018\/07\/sigle-WIFI-150x150.jpg 150w, https:\/\/crouay.fr\/gites\/wp-content\/uploads\/sites\/2\/2018\/07\/sigle-WIFI-100x100.jpg 100w, https:\/\/crouay.fr\/gites\/wp-content\/uploads\/sites\/2\/2018\/07\/sigle-WIFI.jpg 338w\" sizes=\"(max-width: 58px) 100vw, 58px\" \/>\u00a0 \u00a0<span style=\"font-size: medium\"><br \/>\n<\/span><\/span><\/h3>\n<p><span style=\"font-size: 20px;font-family: 'trebuchet ms', geneva\">G\u00eetes ouverts toute l&rsquo;ann\u00e9e.<\/span><\/p>\n<p><span style=\"font-size: 20px;font-family: 'trebuchet ms', geneva\">Ch\u00e8ques vacances accept\u00e9s.<\/span><\/p>\n<p><span style=\"font-family: 'trebuchet ms', geneva\">\u00a0<\/span><\/p>\n<p><span style=\"font-size: 20px;font-family: 'trebuchet ms', geneva\"><strong><span style=\"background-color: #999999;color: #ffff00\">Pour les habitants de Crouay, exclusivement, -15% sur le prix de la location des g\u00eetes communaux.<\/span><\/strong><\/span><\/p>\n<p><span style=\"font-size: medium;font-family: 'trebuchet ms', geneva\">\u00a0<\/span><\/p>\n<p><span style=\"font-size: 20px;color: #003300\"><em>Coordonn\u00e9es GPS<\/em>:<\/span><\/p>\n<p><span style=\"font-size: 20px;font-family: 'trebuchet ms', geneva;color: #003300\">Latitude : 49.266111<\/span><\/p>\n<p><span style=\"font-size: 20px;font-family: 'trebuchet ms', geneva;color: #003300\">Longitude : -0.8065669999999727<\/span><\/p>\n<p><span style=\"font-family: andale mono,times\">\u00a0<\/span><\/p>\n<p><strong><span style=\"font-size: 20px;color: #99cc00\">C&rsquo;est avec plaisir que le personnel des g\u00eetes communaux vous accueillera \u00e0 Crouay.\u00a0<\/span><\/strong><\/p>\n<p>&nbsp;<\/p>\n<p><strong>\u00a0<\/strong><\/p>\n<h3><\/h3>\n","protected":false},"excerpt":{"rendered":"<p>Vous serez ici au c\u0153ur d&rsquo;une r\u00e9gion riche en d\u00e9couvertes\u00a0tant touristiques, historiques, qu&rsquo;architecturales. \u00a0 Pour r\u00e9server nos g\u00eetes vous pouvez nous joindre par t\u00e9l\u00e9phone au 02.31.92.41.16 ou nous envoyer un mail en cliquant ici .\u00a0 D\u00e9couvrez nos g\u00eetes rubrique \u00ab\u00a0Menu\u00a0\u00bb \u00e0 droite. La disponibilit\u00e9 est affich\u00e9e sur la page de chaque g\u00eete. &nbsp; WIFI disponible [&hellip;]<\/p>\n","protected":false},"author":1,"featured_media":0,"parent":64,"menu_order":2,"comment_status":"open","ping_status":"open","template":"","meta":{"saved_in_kubio":false,"_uag_custom_page_level_css":"","footnotes":""},"class_list":["post-2","page","type-page","status-publish","hentry"],"kubio_ai_page_context":{"short_desc":"","purpose":"general"},"uagb_featured_image_src":{"full":false,"thumbnail":false,"medium":false,"medium_large":false,"large":false,"1536x1536":false,"2048x2048":false,"kubio-fullhd":false,"mailpoet_newsletter_max":false},"uagb_author_info":{"display_name":"webmaster","author_link":"https:\/\/crouay.fr\/gites\/author\/netadmin\/"},"uagb_comment_info":0,"uagb_excerpt":"Vous serez ici au c\u0153ur d&rsquo;une r\u00e9gion riche en d\u00e9couvertes\u00a0tant touristiques, historiques, qu&rsquo;architecturales. \u00a0 Pour r\u00e9server nos g\u00eetes vous pouvez nous joindre par t\u00e9l\u00e9phone au 02.31.92.41.16 ou nous envoyer un mail en cliquant ici .\u00a0 D\u00e9couvrez nos g\u00eetes rubrique \u00ab\u00a0Menu\u00a0\u00bb \u00e0 droite. La disponibilit\u00e9 est affich\u00e9e sur la page de chaque g\u00eete. &nbsp; WIFI disponible\u2026","_links":{"self":[{"href":"https:\/\/crouay.fr\/gites\/wp-json\/wp\/v2\/pages\/2","targetHints":{"allow":["GET"]}}],"collection":[{"href":"https:\/\/crouay.fr\/gites\/wp-json\/wp\/v2\/pages"}],"about":[{"href":"https:\/\/crouay.fr\/gites\/wp-json\/wp\/v2\/types\/page"}],"author":[{"embeddable":true,"href":"https:\/\/crouay.fr\/gites\/wp-json\/wp\/v2\/users\/1"}],"replies":[{"embeddable":true,"href":"https:\/\/crouay.fr\/gites\/wp-json\/wp\/v2\/comments?post=2"}],"version-history":[{"count":0,"href":"https:\/\/crouay.fr\/gites\/wp-json\/wp\/v2\/pages\/2\/revisions"}],"up":[{"embeddable":true,"href":"https:\/\/crouay.fr\/gites\/wp-json\/wp\/v2\/pages\/64"}],"wp:attachment":[{"href":"https:\/\/crouay.fr\/gites\/wp-json\/wp\/v2\/media?parent=2"}],"curies":[{"name":"wp","href":"https:\/\/api.w.org\/{rel}","templated":true}]}}